+ (-52 - -17).
74
Evaluate (-28 - (31 + -59)) + -53.
-53
What is 131 + ((3 - 17) + -10 - (76 - 79))?
110
What is the value of 24 - (5 - 0 - (4 - ((15 - -8) + -33)))?
33
What is 33 + (13 - 29) + 38?
55
What is the value of (-39 - 132) + 46 - -164?
39
What is (-356 - -254) + (-8 - -75)?
-35
(-5 - (-3 - (18 + -12))) + -8 + 17
13
4 - (-33 - (44 + -110))
-29
-1219 + 1253 + (-2 - 48) - -76
60
Evaluate -31 + -18 + (18 - (-11 - 2)).
-18
What is the value of (0 - 0) + -35 + 148 + -174?
-61
What is the value of -3 + (-3 - (-3 - (21 + -15))) - 55?
-52
What is (-4 - 16) + 0 - (-17 + 51)?
-54
What is the value of (-8 + -16 - 13) + (-2 - -6) + -10?
-43
Evaluate (0 + 1 - -72 - -2) + -26127 + 26134.
82
Calculate (33 - 55 - (-34 - 0 - -5)) + 9.
16
10 - (59 + (-10 - (3 - 20 - 13)))
-69
Calculate 50 + -1 + (3 - (-4 + (-9 + -7 - -35))).
37
(-78 - -20 - -32 - -39) + -12
1
Calculate (-3 - 2) + -17 + 131 - -11.
120
What is -2 - (7 - (-3 + 13 + (14 - 2 - 39)))?
-26
Evaluate 12 + -32 + (1 - (-7 - (-4 - -1))).
-15
What is -11 + (-10 + 12 + 15 - 69)?
-63
Calculate (-140 - (-83 + 122)) + 127.
-52
What is -14 - ((-8 + 5 - (-24 + 6)) + (12 - 51))?
10
What is (51 - 7 - -11) + -49?
6
Calculate 3 + (-3 - (-6 - (-2 - 12))) - (-34 + 74).
-48
Calculate (113 + -21 - 61) + 7.
38
What is 0 + -13 + 47 + -19 + 60 + -21?
54
Calculate (0 - (-32 - -9) - (12 - -1)) + -36.
-26
What is 24 + -7 - (-18 + 22 + -20)?
33
What is (14 - 36) + -4 + -4 + 33?
3
32 - (51 + -10 - (32 + -11))
12
What is the value of -26 + 7 - (-105 + (-1 - -82))?
5
Evaluate 2 - (-66 + 1) - (15696 + -15682).
53
79 + -57 + 3 + 1
26
What is the value of (11 + -59 - -25 - -109) + -21?
65
What is the value of -368 + 350 + -15 + 59?
26
What is 6 + (-27 + -14 - 0)?
-35
Evaluate (11 - -9) + 6 + 18 + -6.
38
Calculate -48 - 101 - -319 - 158.
12
What is the value of 23 + 15 + (-4 - -19)?
53
-22 + 7 + (1 - 5 - 8) + -10
-37
(-55 - (88 - 53)) + 90
0
What is 42 + (-8 - 42) + (6 - 1)?
-3
Evaluate (5 - 1) + -45 - (592 - 631).
-2
What is the value of -19 + 6 + (-13 - (-15 + -10 + 16))?
-17
What is 12 - (-7 - -9) - ((-15 - (-38 - -20)) + 64)?
-57
What is the value of -3 + -1 + -2 + (-6 - 12) + (0 - -6)?
-18
What is the value of 12 + (-138 - -99) + (1 - -7)?
-19
What is the value of 8 - (-38 + 9 + 7 + 4)?
26
What is the value of -63 - (87 - (191 + -75))?
-34
What is the value of -3 + 4 - -54 - (5 - 3) - (-49 - -48)?
54
What is -1 + 0 + (4 - 0) + 134 + -131?
6
What is -567 + 539 - (-95 - -3)?
64
What is the value of -2793 + 2873 - (2 + 19)?
59
Calculate -67 - 31 - (535 - 623).
-10
Evaluate (-8 - (23 - 29)) + 50 + 51.
99
-2 + -3 + 15 + (25 - (-14 + 18 + -47))
78
What is (-210 - -236) + (-43 + 29 - (1 - 2)) + -153?
-140
What is the value of -16 + 1 + (5 - -16) + -38 + 3?
-29
What is the value of (249 - 265 - (-21 + -1)) + -54 + (-9 - 1)?
-58
Calculate 5 - (18 + 43) - (-3 + -4 - 7).
-42
What is the value of 14 - -1 - (-57 + 49 + -9 + -22)?
54
Calculate -14 + (-15 - 36) - (-16 - -1 - -8).
-58
What is the value of (55 - (-6 - -28)) + -86?
-53
What is -18 + (-21 - -28) + 15 + 2 + 1?
7
Calculate 51 + -3 - (-8 - -31) - -7.
32
-9 - (-126 + 28) - 37
52
Calculate 3 + (-1 - 13) - (-17 - (-14 + 6)).
-2
What is 202 - (-99 + 276 + -59)?
84
Evaluate -59 + 39 + 33 + -39.
-26
Evaluate (102 - (42 + (-42 - -15))) + 2 + -2 + -1.
86
31 + -3 + (-6 + 1 - 8) + -120
-105
What is the value of -15 + 0 + (-42 - (-15 - -19) - -66)?
5
Evaluate (-119 - -149) + (-31 - (-8 - 0)).
7
What is the value of (126 - -40) + -64 + -216?
-114
What is (8 - 1 - (2 + 16 + -17 + 17)) + 10?
-1
Evaluate 52 - 13 - (-3 - -15).
27
Calculate -29 - (16 + (-1 - 24)) - 24.
-44
16 - (47 + (11 - 31))
-11
What is (41 - 68) + 16 + -43 + (1 - 1) + -3?
-57
What is -68 + -32 + 86 + -26?
-40
What is 15 + 1 - 1 - (89 + 31 + -38)?
-67
Calculate 50 - 138 - (-2 - 44).
-42
What is the value of -27 + -53 + 26 - (27 - -7)?
-88
34 + (58 - 65) - (12 + -6)
21
Evaluate 25 - (8 + 25 - -4).
-12
What is (26 - (0 + 29)) + (34 - 3 - (3 - 0))?
25
Calculate (-95 - -79) + -48 + 83.
19
(-67 + 19 - 5) + (13 - (6 - 1))
-45
(-1 - -48) + -59 + (-24 - -61)
25
What is the value of 1 + -9 - (17 + (-57 - -38))?
-6
Evaluate 43 - (15 - (9 - (14 - 18) - 5)).
36
What is -5 - (-2 - -17 - (-216 - -249))?
13
-108 - -56 - (-35 + -25)
8
What is the value of ((-1 - (0 + 1)) + (55 - 57) - -2) + 30?
28
Evaluate 81 + (1 + -4 - 1) + -29 + (33 - 8).
73
(-13 - ((-16 - -11) + -4)) + (-4 - -54) - -9
55
Calculate -49 + -15 + -2 + 5 + 5 + -8.
-64
Calculate 105 + -47 + 18 + -104.
-28
Calculate 115 - 128 - -22 - (0 - -3).
6
What is the value of 25 + -53 + -16 - -18?
-26
What is -58 - (-43 + (19 + 10 - -9))?
-53
Calculate -76 - (72 + 1 + (-76 - -39)).
-112
Evaluate (13 - (-14 + 27 + 11) - (44 + 1)) + 8.
-48
What is -9 - (1 + 13 + -52 + 11)?
18
Calculate 241 + (-99 - -54) + -85.
111
Calculate (0 - -1) + (-95 - -57 - -30).
-7
Evaluate (-2 - 9 - (5 - 13)) + -22 + 37.
12
What is 28 - (-6 + -22 - (-74 + 2))?
-16
Evaluate -15 + 2 + (-3 + -9 - -10) + -25.
-40
What is 10 + -67 + 26 - (-4 - 1)?
-26
Calculate (-64 - -144 - 27) + 46.
99
What is -44 - -1 - 1 - (6 + (1 - 8 - -8))?
-51
Evaluate (-13 - (-1 - (-1 - 3) - 7)) + 200 + -229.
-38
Evaluate 3 - -3 - (86 - 96) - (4 + 63).
-51
(-55 - -25) + (34 - 26)
-22
What is the value of (-30 - (-30 - -54 - 20)) + 15?
-19
What is the value of 20 + 38 + -40 + (-74 - 18)?
-74
Evaluate -795 + 731 - (0 + 0).
-64
Calculate 56 + (29 + -32 - 0) + -6 + 0.
47
Evaluate (8 - 2) + 0 - (-106 - -116).
-4
-46 - (-1 + -5 + 5 + (-27 + -2 - -22))
-38
What is the value of -12 - (24 + 3 + 2 + -6)?
-35
What is -14 - (-86 + (52 - (-6 + 25)))?
39
28 + -9 + (1 - (-6 + 11) - 6)
9
Evaluate 7 - -1 - ((-25 - (20 + -55)) + -37).
35
Calculate -1 + -106 + (72 - (-52 + 55)) + -51.
-89
Evaluate (-52 + 23 - 15) + (2 - 3) + 9.
-36
-5 + -1 + 0 - (1 + -50 + 39)
4
Evaluate 16 - (29 - 6 - -7) - 18.
-32
Evaluate 18 + -25 + -5 - (28 + 0) - 15.
-55
What is the value of (-13 - -30) + -25 - (-26 + -9)?
27
What is -58 - 1 - (-5 - 1 - (1 + (-40 - -37)))?
-55
Calculate -26 + (35 - (27 - -10) - 12).
-40
(2 + -47 - 5) + (-19 - 1 - -4)
-66
What is 1554 + -1507 - (1 - -1)?
45
Evaluate (-32 - (-141 + (37 - 5))) + -10.
67
Calculate -46 - (3 + (-25 - -19) + 20 + -35).
-28
Evaluate 41 - ((-21 - (3 - 5 - 11)) + 21).
28
Evaluate 14 + 1 + -2 + -11 + (-12 - -30 - 11).
9
Calculate 11 - (62 + (-7 - 37)).
-7
Calculate 3 + (9 - 9) + -5 + 18 - (294 + -194).
-84
Evaluate (-71 - -23 - 40) + 84.
-4
What is the value of -73 + (-61 - -214) + 3?
83
Calculate 4 - 75 - -1 - (9 + 9).
-88
What is (9 - (7 - (20 + -10 + 0))) + 0 - 50?
-38
-5 + -65 - -29 - 97
-138
What is the value of 42 + -16 + (-14 - 13) + 40?
39
What is the value of 14 + 22 + -131 + -12 + 9 - (2 + -17)?
-83
14 - 0 - (-188 + 82 + 107)
13
What is (-45 - (42 - 71)) + -33?
-49
7 + 0 + 18 + 13 + (-31 - 13)
-6
Evaluate (2 - -48) + (-11 - -11 - -6) + (-3 - -1).
54
Calculate (-1 - -73) + (-3408 - -3272).
-64
1 + (-45 + 4 + 3 + -11 - -5)
-43
What is (-169 - -122) + -71 + -2 + 39?
-81
What is the value of -3 - (13 + (-8 - (1 - (-15 + 1))))?
7
Evaluate 34 + 51 + -76 + 32.
41
Calculate ((10 - -3) + (7 - (5 - -4)) - 9) + -111.
-109
What is -20 + 1 - (3 - -7 - 15 - (2 - 5))?
-17
Evaluate -12 + -162 + 17 + 58.
-99
Calculate -70 - ((4 - (-31 + 38 + -3 + -7)) + 4).
-81
Calculate -51 + (18 + -15 - 15) + 7 - 13.
-69
What is the value of 72 + -43 + -23 + -9 + (-22 - (-1 + 0))?
-24
-14 - (-4 + 16) - (-326 - -357)
-57
116 + -5 + -36 + -20
55
What is the value of (2 - 1) + (-5 - -4) - (110 + (5 - 113))?
-2
Evaluate (-6 - (-9 + 9)) + (32 + -14 - 65).
-53
Calculate 18 + 12 + -60 + (1 - 2 - 0) + 12.
-19
What is (7 - -1) + (12 + 34 - 27 - 23)?
4
What is -85 + 38 + (18 + -26 - 10) + -6?
-71
What is -1 + 51 - (177 + -37) - (0 + 2 + -8)?
-84
What is the value of (-10 - (-2 - 6) - 0) + 59?
57
What is the value of -47 + (25 - -36) - ((1 - 0) + -65)?
78
Evaluate 33 - (1 - -9) - 7 - 5 - (4 - 115).
122
What is (-317 + 153 - -161) + 32 + 2?
31
Evaluate 8 - 2 - (8 + (-116 - -31)).
83
Evaluate (-11 - (-29 + -2)) + -57 + -1.
-38
What is the value of (8 - ((-18 - (-17 - 1)) + 7)) + 6?
7
What is -27 - (31 - (88 - 81))?
-51
What is the value of (-220 - -61 - -78) + 60?
-21
Calculate 13 - ((-8 + 4 - -1) + 18 + -54).
52
What is 8 - (-5 + 18 + 10 + -9) - -34?
28
What i